{"id":609,"date":"2022-09-14T14:07:43","date_gmt":"2022-09-14T12:07:43","guid":{"rendered":"https:\/\/www.mt-it-consulting.de\/?page_id=609"},"modified":"2022-09-14T15:03:10","modified_gmt":"2022-09-14T13:03:10","slug":"sicherheit","status":"publish","type":"page","link":"https:\/\/www.mt-it-consulting.de\/index.php\/leistungen\/sicherheit\/","title":{"rendered":"IT-Security"},"content":{"rendered":"\n<p>Die Bedrohungslage in der digitalen Welt nimmt von Tag zu Tag zu. Nicht zuletzt durch den starken Anstieg von mobilem Arbeiten und Home-Office-L\u00f6sungen \u00f6ffnen sich Cyberkriminellen ganz neue M\u00f6glichkeiten.<\/p>\n\n\n\n<div class=\"wp-block-image\"><figure class=\"alignright size-full\"><img loading=\"lazy\" decoding=\"async\" width=\"183\" height=\"106\" src=\"https:\/\/www.mt-it-consulting.de\/wp-content\/uploads\/2022\/09\/security.png\" alt=\"\" class=\"wp-image-617\"\/><\/figure><\/div>\n\n\n\n<p id=\"-\">Daher ist es wichtig, da\u00df Sie Ihr Unternehmen mit einer UTM-Firewall inklusive <a href=\"#Anti-Virus\">Anti-Virus<\/a> und Spam-Filter ausstatten.<\/p>\n\n\n\n<p id=\"anker1\"> Mit einer Securepoint UTM-Firewall bieten wir Ihnen: <\/p>\n\n\n\n<ul class=\"wp-block-list\"><li><strong>Schutz f\u00fcr Ihre Netzwerke, Nutzergruppen oder individuelle Ger\u00e4te<\/strong> <br>Sicherheit w\u00e4chst, wenn Angriffsfl\u00e4che verringert wird. Dieser Gedanke pr\u00e4gt Securepoints \u201eUnified Security\u201c-Konzept, bei dem einander erg\u00e4nzende Ma\u00dfnahmen von Secure DNS bis Antivirus Schicht um Schicht f\u00fcr mehr Sicherheit im Netzwerk sorgen. <\/li><li><strong>Sicher online surfen und arbeiten<\/strong> <br>Der Contentfilter erm\u00f6glicht es Ihnen, einzelne Webseiten oder Kategorien von Inhalten f\u00fcr bestimmte Zeiten und bestimmte Nutzer zu sperren. So kann beispielsweise der Jugendschutz sichergestellt werden oder die SocialMedia-Nutzung auf bestimmte Zeiten beschr\u00e4nkt werden.<\/li><li><strong>Schutz vor Ransomware und Viren<\/strong> <br>E-Mail-Security h\u00e4lt Ihre Postf\u00e4cher sauber: Vier unabh\u00e4ngige, leistungsf\u00e4hige Scan-Engines pr\u00fcfen permanent die eingehenden Daten auf ihr Bedrohungspotenzial und lassen gef\u00e4hrliche Nachrichten gar nicht erst zu Ihnen vordringen. <\/li><li><strong>Zugang zu \u00f6ffentlichen WLANs und internen Netzen kontrollieren<\/strong> <br>Aktuelle Zugriffs- und Identifikationsverfahren vereinfachen die Rollenzuweisung in Ihrem WLAN. Einmal-Passw\u00f6rter,  die integrierte Anmeldemaske (Captive Portal) sowie zuverl\u00e4ssige Verschl\u00fcsselung machen den Zugang f\u00fcr Sie und Ihre G\u00e4ste einfach und dank des Zero-Trust-Konzeptes zugleich sicher. <\/li><li><strong>Sicher dank Threat-Intelligent-Filter<\/strong> <br>Hier werden f\u00fcr Sie gef\u00e4hrliche IP-Adressen geblockt und wichtige Datenpakete priorisiert. In der Praxis bedeutet das, dass ins Netzwerk gelangte Malware handlungsunf\u00e4hig wird, w\u00e4hrend f\u00fcr Videokonferenzen gen\u00fcgend Bandbreite zur Verf\u00fcgung steht.<\/li><\/ul>\n\n\n\n<div class=\"wp-block-image\"><figure class=\"aligncenter size-medium\"><img loading=\"lazy\" decoding=\"async\" width=\"300\" height=\"200\" src=\"https:\/\/www.mt-it-consulting.de\/wp-content\/uploads\/2022\/09\/produktturm_g5_utm-300x200.png\" alt=\"UTM Firewalls\" class=\"wp-image-615\" srcset=\"https:\/\/www.mt-it-consulting.de\/wp-content\/uploads\/2022\/09\/produktturm_g5_utm-300x200.png 300w, https:\/\/www.mt-it-consulting.de\/wp-content\/uploads\/2022\/09\/produktturm_g5_utm-1024x682.png 1024w, https:\/\/www.mt-it-consulting.de\/wp-content\/uploads\/2022\/09\/produktturm_g5_utm-768x511.png 768w, https:\/\/www.mt-it-consulting.de\/wp-content\/uploads\/2022\/09\/produktturm_g5_utm-1536x1022.png 1536w, https:\/\/www.mt-it-consulting.de\/wp-content\/uploads\/2022\/09\/produktturm_g5_utm.png 1600w\" sizes=\"auto, (max-width: 300px) 100vw, 300px\" \/><figcaption>F\u00fcr jedes Unternehmen gibt es die passende Firewall.<\/figcaption><\/figure><\/div>\n\n\n\n<h2 class=\"wp-block-heading\" id=\"Anti-Virus\">Zuverl\u00e4ssiger und schneller Virenscanner f\u00fcr Firmen<\/h2>\n\n\n\n<p class=\"has-text-align-left\">Antivirenschutz ist heute Standard in jedem Unternehmen. Dabei gibt es zwei Grundanforderungen. Performance und eine starke Erkennungsrate. F\u00fcr beides ist grundlegend die preisgekr\u00f6nte Scan Engine verantwortlich, die im Securepoint Antivirus Pro integriert ist. <br>Die IKARUS T3.scan.engine geh\u00f6rt dabei zu den besten weltweit. <img loading=\"lazy\" decoding=\"async\" width=\"150\" height=\"66\" class=\"wp-image-640\" style=\"width: 150px;\" src=\"https:\/\/www.mt-it-consulting.de\/wp-content\/uploads\/2022\/09\/eu-ds-gvo-ready.png\" alt=\"\"><\/p>\n","protected":false},"excerpt":{"rendered":"<p>Die Bedrohungslage in der digitalen Welt nimmt von Tag zu Tag zu. Nicht zuletzt durch den starken Anstieg von mobilem Arbeiten und Home-Office-L\u00f6sungen \u00f6ffnen sich Cyberkriminellen ganz neue M\u00f6glichkeiten. Daher ist es wichtig, da\u00df Sie Ihr Unternehmen mit einer UTM-Firewall inklusive Anti-Virus und Spam-Filter ausstatten. Mit einer Securepoint UTM-Firewall bieten wir Ihnen: Schutz f\u00fcr Ihre &#8230; <a title=\"IT-Security\" class=\"read-more\" href=\"https:\/\/www.mt-it-consulting.de\/index.php\/leistungen\/sicherheit\/\" aria-label=\"Mehr zu IT-Security\">Read more<\/a><\/p>\n","protected":false},"author":2,"featured_media":0,"parent":20,"menu_order":3,"comment_status":"closed","ping_status":"closed","template":"","meta":{"footnotes":""},"class_list":["post-609","page","type-page","status-publish"],"aioseo_notices":[],"_links":{"self":[{"href":"https:\/\/www.mt-it-consulting.de\/index.php\/wp-json\/wp\/v2\/pages\/609","targetHints":{"allow":["GET"]}}],"collection":[{"href":"https:\/\/www.mt-it-consulting.de\/index.php\/wp-json\/wp\/v2\/pages"}],"about":[{"href":"https:\/\/www.mt-it-consulting.de\/index.php\/wp-json\/wp\/v2\/types\/page"}],"author":[{"embeddable":true,"href":"https:\/\/www.mt-it-consulting.de\/index.php\/wp-json\/wp\/v2\/users\/2"}],"replies":[{"embeddable":true,"href":"https:\/\/www.mt-it-consulting.de\/index.php\/wp-json\/wp\/v2\/comments?post=609"}],"version-history":[{"count":19,"href":"https:\/\/www.mt-it-consulting.de\/index.php\/wp-json\/wp\/v2\/pages\/609\/revisions"}],"predecessor-version":[{"id":644,"href":"https:\/\/www.mt-it-consulting.de\/index.php\/wp-json\/wp\/v2\/pages\/609\/revisions\/644"}],"up":[{"embeddable":true,"href":"https:\/\/www.mt-it-consulting.de\/index.php\/wp-json\/wp\/v2\/pages\/20"}],"wp:attachment":[{"href":"https:\/\/www.mt-it-consulting.de\/index.php\/wp-json\/wp\/v2\/media?parent=609"}],"curies":[{"name":"wp","href":"https:\/\/api.w.org\/{rel}","templated":true}]}}