{"id":836,"date":"2024-01-29T13:26:08","date_gmt":"2024-01-29T12:26:08","guid":{"rendered":"https:\/\/www.mt-it-consulting.de\/?page_id=836"},"modified":"2024-01-29T13:33:05","modified_gmt":"2024-01-29T12:33:05","slug":"telefonanlagen","status":"publish","type":"page","link":"https:\/\/www.mt-it-consulting.de\/index.php\/leistungen\/telefonanlagen\/","title":{"rendered":"Telefonanlagen"},"content":{"rendered":"\n<figure class=\"wp-block-image size-large\"><img loading=\"lazy\" decoding=\"async\" width=\"1024\" height=\"299\" src=\"https:\/\/www.mt-it-consulting.de\/wp-content\/uploads\/2024\/01\/Header_AU_FON_Produkte_1370x400-1024x299.jpg\" alt=\"COMfortel\u00ae D-Serie \u2013 Unser Line-up f\u00fcr Premium SIP-Telefonie\nAttraktiv\nModernes, funktionales Design f\u00fcr klare Linien auf dem Schreibtisch.\nEffizient\nMinimale Einrichtungszeit mit Zero-Touch-Provisioning ohne Neustart.\nFlexibel\nMaximale Kompatibilit\u00e4t und Investitionssicherheit dank offener Standards - auch zu Drittanbietern.\" class=\"wp-image-837\" srcset=\"https:\/\/www.mt-it-consulting.de\/wp-content\/uploads\/2024\/01\/Header_AU_FON_Produkte_1370x400-1024x299.jpg 1024w, https:\/\/www.mt-it-consulting.de\/wp-content\/uploads\/2024\/01\/Header_AU_FON_Produkte_1370x400-300x88.jpg 300w, https:\/\/www.mt-it-consulting.de\/wp-content\/uploads\/2024\/01\/Header_AU_FON_Produkte_1370x400-768x224.jpg 768w, https:\/\/www.mt-it-consulting.de\/wp-content\/uploads\/2024\/01\/Header_AU_FON_Produkte_1370x400.jpg 1370w\" sizes=\"auto, (max-width: 1024px) 100vw, 1024px\" \/><\/figure>\n\n\n\n<h2 class=\"wp-block-heading\">Auerswald Telefonanlagen:<\/h2>\n\n\n\n<p>Entwickelt f\u00fcr Zuverl\u00e4ssigkeit und Betriebssicherheit. Nachhaltig, neueste Innovationen, in jedem Auerswald Produkt steckt jahrelange Erfahrung. Die Digitalisierung bringt einschneidende Ver\u00e4nderungen in den Alltag. Neue Technologien bieten bisher unbekannte Nutzungsm\u00f6glichkeiten gewohnter Ger\u00e4te und Einrichtungen. Im besonderen Ma\u00df ist die Telekommunikation beteiligt. Die Migration der Telefonie in IT-Strukturen und die damit sich er\u00f6ffnenden neuen Kommunikations- und Interaktionsoptionen sind nicht nur Entwicklungsschritte, sie kennzeichnen einen Paradigmenwechsel und die Neudefinition eines traditionellen Technikbereichs. Wir unterst\u00fctzen Sie mit Produkten und L\u00f6sungen von Auerswald.<\/p>\n\n\n\n<div class=\"wp-block-buttons is-layout-flex wp-block-buttons-is-layout-flex\">\n<div class=\"wp-block-button is-style-fill\"><a class=\"wp-block-button__link has-white-color has-vivid-cyan-blue-background-color has-text-color has-background has-link-color wp-element-button\" href=\"https:\/\/www.mt-it-consulting.de\/index.php\/kontakt\/\" target=\"_blank\" rel=\"noreferrer noopener\">Sprechen Sie uns an <\/a><\/div>\n<\/div>\n","protected":false},"excerpt":{"rendered":"<p>Auerswald Telefonanlagen: Entwickelt f\u00fcr Zuverl\u00e4ssigkeit und Betriebssicherheit. Nachhaltig, neueste Innovationen, in jedem Auerswald Produkt steckt jahrelange Erfahrung. Die Digitalisierung bringt einschneidende Ver\u00e4nderungen in den Alltag. Neue Technologien bieten bisher unbekannte Nutzungsm\u00f6glichkeiten gewohnter Ger\u00e4te und Einrichtungen. Im besonderen Ma\u00df ist die Telekommunikation beteiligt. Die Migration der Telefonie in IT-Strukturen und die damit sich er\u00f6ffnenden neuen Kommunikations- &#8230; <a title=\"Telefonanlagen\" class=\"read-more\" href=\"https:\/\/www.mt-it-consulting.de\/index.php\/leistungen\/telefonanlagen\/\" aria-label=\"Mehr zu Telefonanlagen\">Read more<\/a><\/p>\n","protected":false},"author":2,"featured_media":0,"parent":20,"menu_order":6,"comment_status":"closed","ping_status":"closed","template":"","meta":{"footnotes":""},"class_list":["post-836","page","type-page","status-publish"],"aioseo_notices":[],"_links":{"self":[{"href":"https:\/\/www.mt-it-consulting.de\/index.php\/wp-json\/wp\/v2\/pages\/836","targetHints":{"allow":["GET"]}}],"collection":[{"href":"https:\/\/www.mt-it-consulting.de\/index.php\/wp-json\/wp\/v2\/pages"}],"about":[{"href":"https:\/\/www.mt-it-consulting.de\/index.php\/wp-json\/wp\/v2\/types\/page"}],"author":[{"embeddable":true,"href":"https:\/\/www.mt-it-consulting.de\/index.php\/wp-json\/wp\/v2\/users\/2"}],"replies":[{"embeddable":true,"href":"https:\/\/www.mt-it-consulting.de\/index.php\/wp-json\/wp\/v2\/comments?post=836"}],"version-history":[{"count":4,"href":"https:\/\/www.mt-it-consulting.de\/index.php\/wp-json\/wp\/v2\/pages\/836\/revisions"}],"predecessor-version":[{"id":843,"href":"https:\/\/www.mt-it-consulting.de\/index.php\/wp-json\/wp\/v2\/pages\/836\/revisions\/843"}],"up":[{"embeddable":true,"href":"https:\/\/www.mt-it-consulting.de\/index.php\/wp-json\/wp\/v2\/pages\/20"}],"wp:attachment":[{"href":"https:\/\/www.mt-it-consulting.de\/index.php\/wp-json\/wp\/v2\/media?parent=836"}],"curies":[{"name":"wp","href":"https:\/\/api.w.org\/{rel}","templated":true}]}}